e 10, what is 5463 + 46?
5509
In base 8, what is -3 - 13760?
-13763
In base 9, what is -15882078 - -1?
-15882077
In base 15, what is -49 + -9e?
-e8
In base 6, what is -34 - 30434?
-30512
In base 11, what is -84445 - 3?
-84448
In base 3, what is -1110022 + 112?
-1102210
In base 10, what is 148 - -70?
218
In base 14, what is -4000 + -15?
-4015
In base 4, what is -11333012 + -3?
-11333021
In base 5, what is 330 - -12102?
12432
In base 10, what is -4 + 1840?
1836
In base 8, what is -21653 + -53?
-21726
In base 6, what is 4 + -2010422?
-2010414
In base 4, what is -21033 - 202?
-21301
In base 15, what is c1ec5 + -4?
c1ec1
In base 15, what is -8 - -44a1?
4498
In base 8, what is 1005404 - 2?
1005402
In base 13, what is 1 - -27bb79?
27bb7a
In base 9, what is 575872 + 3?
575875
In base 8, what is -12 - -153616?
153604
In base 6, what is 2534 + 43?
3021
In base 14, what is -3 + -96a?
-96d
In base 10, what is -1682 - 80?
-1762
In base 8, what is 10 + 2723?
2733
In base 5, what is 10012 - -3?
10020
In base 9, what is -111483 + 5?
-111477
In base 16, what is -14e8 + -e?
-14f6
In base 5, what is -12333 + -111?
-12444
In base 14, what is -254 + -11b9?
-142d
In base 9, what is -1 + -253033?
-253034
In base 9, what is -14 + 75130?
75115
In base 5, what is 111 - -2220?
2331
In base 11, what is -1a - -8910?
88a1
In base 6, what is -22553153 + 3?
-22553150
In base 6, what is -252 - -40332?
40040
In base 13, what is 50ac2 - 9?
50ab6
In base 7, what is 402100 + 1?
402101
In base 9, what is -1 - -445403?
445402
In base 5, what is 110 - 122324?
-122214
In base 2, what is -1100101 + 100011000001?
100001011100
In base 7, what is -124 - 144641?
-145065
In base 5, what is 13411 + 0?
13411
In base 4, what is 30313 - 212?
30101
In base 8, what is 0 - 1170020?
-1170020
In base 5, what is -3 + -1342420?
-1342423
In base 5, what is -310402 - 101?
-311003
In base 12, what is 6ba669 + 0?
6ba669
In base 15, what is 7 - 7773?
-776b
In base 10, what is -22 + 22637?
22615
In base 16, what is -14 + 23c?
228
In base 10, what is 5 + -15115?
-15110
In base 2, what is 1001010 - 1101110101?
-1100101011
In base 6, what is -2 - 10254?
-10300
In base 13, what is -4 + -8ca7c?
-8ca83
In base 7, what is 22 + -346046?
-346024
In base 2, what is -101000011011010 + -100?
-101000011011110
In base 14, what is 4 + 295?
299
In base 14, what is -1441 - 2d?
-1470
In base 10, what is -6 + 10691?
10685
In base 11, what is -1 + 450a?
4509
In base 16, what is -1cab + 27?
-1c84
In base 4, what is 200 + -1121102?
-1120302
In base 16, what is 12 - -1ce5?
1cf7
In base 4, what is 1020 + -32?
322
In base 5, what is -2 - 1023424?
-1023431
In base 5, what is 2311 + -12012?
-4201
In base 12, what is -459 - -3b6?
-63
In base 14, what is 129641 + 3?
129644
In base 6, what is 112 + -1031?
-515
In base 16, what is -c - -ca9e?
ca92
In base 14, what is 11 + -1963?
-1952
In base 2, what is 1101011 - 1000000100100101?
-1000000010111010
In base 9, what is 67 - 1107?
-1030
In base 16, what is 6 + 23c5?
23cb
In base 14, what is 414 + 42?
456
In base 11, what is -1118a4 + -3?
-1118a7
In base 15, what is -35 + -3a6?
-3db
In base 8, what is -5 + -2362364?
-2362371
In base 12, what is -9 + -5990?
-5999
In base 8, what is -11 + 171220?
171207
In base 2, what is 10000111010011111111 + 110?
10000111010100000101
In base 3, what is -12001200112 + 100?
-12001200012
In base 12, what is -199 - -1a8?
b
In base 3, what is -20210 - -1120200?
1022220
In base 4, what is -2302133122 - 0?
-2302133122
In base 12, what is -7279 - -4?
-7275
In base 3, what is 121012001200 + -10?
121012001120
In base 9, what is -2306 - -547?
-1648
In base 8, what is -7141 + -151?
-7312
In base 3, what is -111012202 - 120?
-111020022
In base 15, what is 5e719 - 1?
5e718
In base 13, what is -4b6b8 - -1?
-4b6b7
In base 3, what is 10 - -222210101?
222210111
In base 15, what is 2 - 1d0cc5?
-1d0cc3
In base 16, what is 39 - -19f?
1d8
In base 4, what is 10022323110 - 2?
10022323102
In base 7, what is 3666 + 1255?
5254
In base 11, what is 17558 - -9?
17566
In base 2, what is 1111110000 - 10?
1111101110
In base 8, what is 172 - 1111?
-717
In base 7, what is 5 + -14262?
-14254
In base 3, what is -1202201000 + 101?
-1202200122
In base 7, what is 14103 - -6?
14112
In base 15, what is -2b42 + 2?
-2b40
In base 13, what is 9 + -967?
-95b
In base 6, what is -121 - 5021?
-5142
In base 8, what is 2072 - -65?
2157
In base 15, what is bc - 37e4?
-3727
In base 10, what is -937182 + 3?
-937179
In base 10, what is 25113 - -4?
25117
In base 11, what is 44 + 8?
51
In base 14, what is -169 - -38?
-131
In base 11, what is 26 - -369?
394
In base 10, what is -3 - 630920?
-630923
In base 2, what is 1101010100110001 + -100?
1101010100101101
In base 5, what is -220 + 300331?
300111
In base 15, what is -ea46 + 4?
-ea42
In base 15, what is 185e44 + 4?
185e48
In base 5, what is -330331 + -4?
-330340
In base 6, what is 1 - -32352?
32353
In base 13, what is 551 + -72?
4ac
In base 16, what is -9a5e + 1?
-9a5d
In base 15, what is -639 - -17?
-622
In base 13, what is 357 + -106?
251
In base 10, what is -752 + -6189?
-6941
In base 4, what is -12200 - -220212?
202012
In base 12, what is 33 + 5887?
58ba
In base 14, what is -b - 676?
-683
In base 9, what is -7 + -50112?
-50120
In base 2, what is -100000011111 + 1111?
-100000010000
In base 6, what is 25 + -5335?
-5310
In base 4, what is -1022210 + 1?
-1022203
In base 12, what is 4291 - 0?
4291
In base 10, what is 637 + -17?
620
In base 2, what is 1101000110110101001 - 100?
1101000110110100101
In base 9, what is 1651884 + -3?
1651881
In base 15, what is -3 - -53b6?
53b3
In base 12, what is b + -28aa?
-289b
In base 7, what is -214 + -3300?
-3514
In base 3, what is -11 - -20010022?
20010011
In base 2, what is 110010000001 - 100111110?
101101000011
In base 5, what is 121041 - -1234?
122330
In base 6, what is 4 + -4502?
-4454
In base 4, what is -112 - -30132210?
30132032
In base 3, what is -1000110121010 - -1?
-1000110121002
In base 16, what is 1b - -e59?
e74
In base 7, what is -22 - 102024?
-102046
In base 7, what is -40124 + -3?
-40130
In base 10, what is 0 - -119628?
119628
In base 4, what is 1303 - -322032?
330001
In base 14, what is -4d - 23c?
-28b
In base 10, what is 375380 - 4?
375376
In base 6, what is 442042 - -213?
442255
In base 4, what is -121211 + 13?
-121132
In base 13, what is 343c - 4?
3438
In base 4, what is -133 + 12002312?
12002113
In base 4, what is -13331211 + -3?
-13331220
In base 2, what is 101 + 1010110110100101?
1010110110101010
In base 6, what is 3 - -353?
400
In base 4, what is -11 - -1032210023?
1032210012
In base 7, what is -3 - 2403556?
-2403562
In base 12, what is -bab1 + -6?
-bab7
In base 4, what is 1121 + -12130120?
-12122333
In base 13, what is -209ac - 5?
-209b4
In base 6, what is -3 + -3220?
-3223
In base 5, what is -22243234 + 2?
-22243232
In base 8, what is -314 + -354?
-670
In base 16, what is -32d + 2?
-32b
In base 6, what is 33 - -5402?
5435
In base 5, what is 4 + -203334114?
-203334110
In base 15, what is -1 - -251c5?
251c4
In base 6, what is 1 + -44021?
-44020
In base 8, what is -375 - -727?
332
In base 10, what is -6349 - -636?
-5713
In base 16, what is 12e17 - 1?
12e16
In base 9, what is 763 - 50?
713
In base 11, what is -36 + 3938a?
39354
In base 8, what is 4 - -4177116?
4177122
In base 11, what is -2803 - -41?
-2772
In base 14, what is 13 - 2ad93?
-2ad80
In base 4, what is 213011 - -101031?
320102
In base 11, what is 4 + 17a05?
17a09
In base 11, what is -74 + 410?
347
In base 9, what is 1 - 60766?
-60765
In base 11, what is -525 + 223?
-302
In base 9, what is -3153 + 5?
-3147
In base 13, what is -6664 + 7?
-665a
In base 14, what is 17c6 + -1?
17c5
In base 12, what is -73 - -5055?
4ba2
In base 11, what is -22825 + 1?
-22824
In base 8, what is 426 - 1355?
-727
In base 15, what is 7d09 + 4?
7d0d
In base 16, what is -2 + 1efcd?
1efcb
In base 15, what is 2a7bc - 1?
2a7bb
In base 16, what is 486b4 - 0?
486b4
In base 3, what is -120 + -100001011?
-100001201
In base 7, what is -5 - 104253?
-104261
In base 11, what is 117 + -65?
62
In base 16, what is 5b3 + a?
5bd
In base 5, what is -2 + 204330414?
204330412
In base 9, what is -1 - -50831?
50830
In base 4, what is -121131123 - -3?
-121131120
In base 13, what is 2 + -39b0?
-